{"id":684,"date":"2021-11-02T11:54:02","date_gmt":"2021-11-02T10:54:02","guid":{"rendered":"https:\/\/studiofrus.archibuzz.tech\/droit-commercial-de-la-propriete-intellectuelle-et-droit-des-contrats\/"},"modified":"2021-11-04T10:46:14","modified_gmt":"2021-11-04T09:46:14","slug":"droit-commercial-de-la-propriete-intellectuelle-et-droit-des-contrats","status":"publish","type":"page","link":"https:\/\/www.fruseassociati.it\/fr\/activites\/droit-commercial-de-la-propriete-intellectuelle-et-droit-des-contrats\/","title":{"rendered":"Droit commercial, de la propri\u00e9t\u00e9 intellectuelle et droit des contrats"},"content":{"rendered":"\t\t<div data-elementor-type=\"wp-page\" data-elementor-id=\"684\" class=\"elementor elementor-684 elementor-308\">\n\t\t\t\t\t\t<section class=\"elementor-section elementor-top-section elementor-element elementor-element-58346acf elementor-section-full_width elementor-section-height-min-height page-header attivita elementor-section-height-default elementor-section-items-middle\" data-id=\"58346acf\" data-element_type=\"section\" data-e-type=\"section\" data-settings=\"{&quot;background_background&quot;:&quot;classic&quot;}\">\n\t\t\t\t\t\t\t<div class=\"elementor-background-overlay\"><\/div>\n\t\t\t\t\t\t\t<div class=\"elementor-container elementor-column-gap-default\">\n\t\t\t\t\t<div class=\"elementor-column elementor-col-100 elementor-top-column elementor-element elementor-element-7ee0dd4c\" data-id=\"7ee0dd4c\" data-element_type=\"column\" data-e-type=\"column\">\n\t\t\t<div class=\"elementor-widget-wrap elementor-element-populated\">\n\t\t\t\t\t\t<section class=\"elementor-section elementor-inner-section elementor-element elementor-element-6fee412d attivita-title elementor-section-boxed elementor-section-height-default elementor-section-height-default\" data-id=\"6fee412d\" data-element_type=\"section\" data-e-type=\"section\">\n\t\t\t\t\t\t<div class=\"elementor-container elementor-column-gap-default\">\n\t\t\t\t\t<div class=\"elementor-column elementor-col-100 elementor-inner-column elementor-element elementor-element-e9ac88c\" data-id=\"e9ac88c\" data-element_type=\"column\" data-e-type=\"column\">\n\t\t\t<div class=\"elementor-widget-wrap elementor-element-populated\">\n\t\t\t\t\t\t<div class=\"elementor-element elementor-element-3061ddb6 elementor-invisible elementor-widget elementor-widget-heading\" data-id=\"3061ddb6\" data-element_type=\"widget\" data-e-type=\"widget\" data-settings=\"{&quot;_animation&quot;:&quot;fadeInLeft&quot;}\" data-widget_type=\"heading.default\">\n\t\t\t\t<div class=\"elementor-widget-container\">\n\t\t\t\t\t<h1 class=\"elementor-heading-title elementor-size-default\">Droit commercial, de la propri\u00e9t\u00e9 intellectuelle et droit des contrats<\/h1>\t\t\t\t<\/div>\n\t\t\t\t<\/div>\n\t\t\t\t\t<\/div>\n\t\t<\/div>\n\t\t\t\t\t<\/div>\n\t\t<\/section>\n\t\t\t\t\t<\/div>\n\t\t<\/div>\n\t\t\t\t\t<\/div>\n\t\t<\/section>\n\t\t\t\t<section class=\"elementor-section elementor-top-section elementor-element elementor-element-34b4d7d7 elementor-section-boxed elementor-section-height-default elementor-section-height-default\" data-id=\"34b4d7d7\" data-element_type=\"section\" data-e-type=\"section\">\n\t\t\t\t\t\t<div class=\"elementor-container elementor-column-gap-default\">\n\t\t\t\t\t<div class=\"elementor-column elementor-col-100 elementor-top-column elementor-element elementor-element-62846a19\" data-id=\"62846a19\" data-element_type=\"column\" data-e-type=\"column\">\n\t\t\t<div class=\"elementor-widget-wrap elementor-element-populated\">\n\t\t\t\t\t\t<section class=\"elementor-section elementor-inner-section elementor-element elementor-element-4fec19bd attivita-text elementor-section-boxed elementor-section-height-default elementor-section-height-default\" data-id=\"4fec19bd\" data-element_type=\"section\" data-e-type=\"section\">\n\t\t\t\t\t\t<div class=\"elementor-container elementor-column-gap-default\">\n\t\t\t\t\t<div class=\"elementor-column elementor-col-100 elementor-inner-column elementor-element elementor-element-48c7ad87\" data-id=\"48c7ad87\" data-element_type=\"column\" data-e-type=\"column\">\n\t\t\t<div class=\"elementor-widget-wrap elementor-element-populated\">\n\t\t\t\t\t\t<div class=\"elementor-element elementor-element-481b93a7 elementor-invisible elementor-widget elementor-widget-text-editor\" data-id=\"481b93a7\" data-element_type=\"widget\" data-e-type=\"widget\" data-settings=\"{&quot;_animation&quot;:&quot;fadeInLeft&quot;}\" data-widget_type=\"text-editor.default\">\n\t\t\t\t<div class=\"elementor-widget-container\">\n\t\t\t\t\t\t\t\t\t<p class=\"text-align-justify\">Le Cabinet assiste ses Clients dans la pr\u00e9paration, la r\u00e9daction et la n\u00e9gociation des diff\u00e9rents contrats commerciaux, \u00e0 la fois typiques et atypiques, y compris ceux relatifs \u00e0 la distribution, la vente, l&rsquo;approvisionnement, aux agences, aux licences, aux bails, aux cessions et aux baux commerciaux. Ses professionnels interviennent \u00e0 leurs c\u00f4t\u00e9s dans la constitution de soci\u00e9t\u00e9s, de coop\u00e9ratives ou de groupements d&rsquo;entreprises, dans la r\u00e9gulation des relations internes, entre membres ou entre les diff\u00e9rents organes sociaux, et externes, dans la r\u00e9solution des litiges extrajudiciaires, dans la conduite et la gestion des accords commerciaux, dans le domaine de la concurrence et de la propri\u00e9t\u00e9 intellectuelle, dans la gestion des litiges relatifs au recouvrement des cr\u00e9ances.<\/p>\n\t\t\t\t\t\t\t\t<\/div>\n\t\t\t\t<\/div>\n\t\t\t\t\t<\/div>\n\t\t<\/div>\n\t\t\t\t\t<\/div>\n\t\t<\/section>\n\t\t\t\t\t<\/div>\n\t\t<\/div>\n\t\t\t\t\t<\/div>\n\t\t<\/section>\n\t\t\t\t<\/div>\n\t\t","protected":false},"excerpt":{"rendered":"<p>Droit commercial, de la propri\u00e9t\u00e9 intellectuelle et droit des contrats Le Cabinet assiste ses Clients dans la pr\u00e9paration, la r\u00e9daction et la n\u00e9gociation des diff\u00e9rents contrats commerciaux, \u00e0 la fois typiques et atypiques, y compris ceux relatifs \u00e0 la distribution, la vente, l&rsquo;approvisionnement, aux agences, aux licences, aux bails, aux cessions et aux baux commerciaux. [&hellip;]<\/p>\n","protected":false},"author":5,"featured_media":0,"parent":694,"menu_order":0,"comment_status":"closed","ping_status":"closed","template":"fullwidth-no-container.php","meta":{"footnotes":""},"class_list":["post-684","page","type-page","status-publish","hentry"],"yoast_head":"<!-- This site is optimized with the Yoast SEO plugin v27.5 - https:\/\/yoast.com\/product\/yoast-seo-wordpress\/ -->\n<title>Droit commercial, de la propri\u00e9t\u00e9 intellectuelle et droit des contrats - Studio Legale Frus<\/title>\n<meta name=\"robots\" content=\"index, follow, max-snippet:-1, max-image-preview:large, max-video-preview:-1\" \/>\n<link rel=\"canonical\" href=\"https:\/\/www.fruseassociati.it\/fr\/activites\/droit-commercial-de-la-propriete-intellectuelle-et-droit-des-contrats\/\" \/>\n<meta property=\"og:locale\" content=\"fr_FR\" \/>\n<meta property=\"og:type\" content=\"article\" \/>\n<meta property=\"og:title\" content=\"Droit commercial, de la propri\u00e9t\u00e9 intellectuelle et droit des contrats - Studio Legale Frus\" \/>\n<meta property=\"og:description\" content=\"Droit commercial, de la propri\u00e9t\u00e9 intellectuelle et droit des contrats Le Cabinet assiste ses Clients dans la pr\u00e9paration, la r\u00e9daction et la n\u00e9gociation des diff\u00e9rents contrats commerciaux, \u00e0 la fois typiques et atypiques, y compris ceux relatifs \u00e0 la distribution, la vente, l&rsquo;approvisionnement, aux agences, aux licences, aux bails, aux cessions et aux baux commerciaux. [&hellip;]\" \/>\n<meta property=\"og:url\" content=\"https:\/\/www.fruseassociati.it\/fr\/activites\/droit-commercial-de-la-propriete-intellectuelle-et-droit-des-contrats\/\" \/>\n<meta property=\"og:site_name\" content=\"Studio Legale Frus\" \/>\n<meta property=\"article:modified_time\" content=\"2021-11-04T09:46:14+00:00\" \/>\n<meta name=\"twitter:card\" content=\"summary_large_image\" \/>\n<meta name=\"twitter:label1\" content=\"Dur\u00e9e de lecture estim\u00e9e\" \/>\n\t<meta name=\"twitter:data1\" content=\"1 minute\" \/>\n<script type=\"application\/ld+json\" class=\"yoast-schema-graph\">{\"@context\":\"https:\\\/\\\/schema.org\",\"@graph\":[{\"@type\":\"WebPage\",\"@id\":\"https:\\\/\\\/www.fruseassociati.it\\\/fr\\\/activites\\\/droit-commercial-de-la-propriete-intellectuelle-et-droit-des-contrats\\\/\",\"url\":\"https:\\\/\\\/www.fruseassociati.it\\\/fr\\\/activites\\\/droit-commercial-de-la-propriete-intellectuelle-et-droit-des-contrats\\\/\",\"name\":\"Droit commercial, de la propri\u00e9t\u00e9 intellectuelle et droit des contrats - Studio Legale Frus\",\"isPartOf\":{\"@id\":\"https:\\\/\\\/www.fruseassociati.it\\\/fr\\\/#website\"},\"datePublished\":\"2021-11-02T10:54:02+00:00\",\"dateModified\":\"2021-11-04T09:46:14+00:00\",\"breadcrumb\":{\"@id\":\"https:\\\/\\\/www.fruseassociati.it\\\/fr\\\/activites\\\/droit-commercial-de-la-propriete-intellectuelle-et-droit-des-contrats\\\/#breadcrumb\"},\"inLanguage\":\"fr-FR\",\"potentialAction\":[{\"@type\":\"ReadAction\",\"target\":[\"https:\\\/\\\/www.fruseassociati.it\\\/fr\\\/activites\\\/droit-commercial-de-la-propriete-intellectuelle-et-droit-des-contrats\\\/\"]}]},{\"@type\":\"BreadcrumbList\",\"@id\":\"https:\\\/\\\/www.fruseassociati.it\\\/fr\\\/activites\\\/droit-commercial-de-la-propriete-intellectuelle-et-droit-des-contrats\\\/#breadcrumb\",\"itemListElement\":[{\"@type\":\"ListItem\",\"position\":1,\"name\":\"Home\",\"item\":\"https:\\\/\\\/www.fruseassociati.it\\\/fr\\\/\"},{\"@type\":\"ListItem\",\"position\":2,\"name\":\"Activit\u00e9s\",\"item\":\"https:\\\/\\\/www.fruseassociati.it\\\/fr\\\/activites\\\/\"},{\"@type\":\"ListItem\",\"position\":3,\"name\":\"Droit commercial, de la propri\u00e9t\u00e9 intellectuelle et droit des contrats\"}]},{\"@type\":\"WebSite\",\"@id\":\"https:\\\/\\\/www.fruseassociati.it\\\/fr\\\/#website\",\"url\":\"https:\\\/\\\/www.fruseassociati.it\\\/fr\\\/\",\"name\":\"Studio Legale Frus\",\"description\":\"\",\"potentialAction\":[{\"@type\":\"SearchAction\",\"target\":{\"@type\":\"EntryPoint\",\"urlTemplate\":\"https:\\\/\\\/www.fruseassociati.it\\\/fr\\\/?s={search_term_string}\"},\"query-input\":{\"@type\":\"PropertyValueSpecification\",\"valueRequired\":true,\"valueName\":\"search_term_string\"}}],\"inLanguage\":\"fr-FR\"}]}<\/script>\n<!-- \/ Yoast SEO plugin. -->","yoast_head_json":{"title":"Droit commercial, de la propri\u00e9t\u00e9 intellectuelle et droit des contrats - Studio Legale Frus","robots":{"index":"index","follow":"follow","max-snippet":"max-snippet:-1","max-image-preview":"max-image-preview:large","max-video-preview":"max-video-preview:-1"},"canonical":"https:\/\/www.fruseassociati.it\/fr\/activites\/droit-commercial-de-la-propriete-intellectuelle-et-droit-des-contrats\/","og_locale":"fr_FR","og_type":"article","og_title":"Droit commercial, de la propri\u00e9t\u00e9 intellectuelle et droit des contrats - Studio Legale Frus","og_description":"Droit commercial, de la propri\u00e9t\u00e9 intellectuelle et droit des contrats Le Cabinet assiste ses Clients dans la pr\u00e9paration, la r\u00e9daction et la n\u00e9gociation des diff\u00e9rents contrats commerciaux, \u00e0 la fois typiques et atypiques, y compris ceux relatifs \u00e0 la distribution, la vente, l&rsquo;approvisionnement, aux agences, aux licences, aux bails, aux cessions et aux baux commerciaux. [&hellip;]","og_url":"https:\/\/www.fruseassociati.it\/fr\/activites\/droit-commercial-de-la-propriete-intellectuelle-et-droit-des-contrats\/","og_site_name":"Studio Legale Frus","article_modified_time":"2021-11-04T09:46:14+00:00","twitter_card":"summary_large_image","twitter_misc":{"Dur\u00e9e de lecture estim\u00e9e":"1 minute"},"schema":{"@context":"https:\/\/schema.org","@graph":[{"@type":"WebPage","@id":"https:\/\/www.fruseassociati.it\/fr\/activites\/droit-commercial-de-la-propriete-intellectuelle-et-droit-des-contrats\/","url":"https:\/\/www.fruseassociati.it\/fr\/activites\/droit-commercial-de-la-propriete-intellectuelle-et-droit-des-contrats\/","name":"Droit commercial, de la propri\u00e9t\u00e9 intellectuelle et droit des contrats - Studio Legale Frus","isPartOf":{"@id":"https:\/\/www.fruseassociati.it\/fr\/#website"},"datePublished":"2021-11-02T10:54:02+00:00","dateModified":"2021-11-04T09:46:14+00:00","breadcrumb":{"@id":"https:\/\/www.fruseassociati.it\/fr\/activites\/droit-commercial-de-la-propriete-intellectuelle-et-droit-des-contrats\/#breadcrumb"},"inLanguage":"fr-FR","potentialAction":[{"@type":"ReadAction","target":["https:\/\/www.fruseassociati.it\/fr\/activites\/droit-commercial-de-la-propriete-intellectuelle-et-droit-des-contrats\/"]}]},{"@type":"BreadcrumbList","@id":"https:\/\/www.fruseassociati.it\/fr\/activites\/droit-commercial-de-la-propriete-intellectuelle-et-droit-des-contrats\/#breadcrumb","itemListElement":[{"@type":"ListItem","position":1,"name":"Home","item":"https:\/\/www.fruseassociati.it\/fr\/"},{"@type":"ListItem","position":2,"name":"Activit\u00e9s","item":"https:\/\/www.fruseassociati.it\/fr\/activites\/"},{"@type":"ListItem","position":3,"name":"Droit commercial, de la propri\u00e9t\u00e9 intellectuelle et droit des contrats"}]},{"@type":"WebSite","@id":"https:\/\/www.fruseassociati.it\/fr\/#website","url":"https:\/\/www.fruseassociati.it\/fr\/","name":"Studio Legale Frus","description":"","potentialAction":[{"@type":"SearchAction","target":{"@type":"EntryPoint","urlTemplate":"https:\/\/www.fruseassociati.it\/fr\/?s={search_term_string}"},"query-input":{"@type":"PropertyValueSpecification","valueRequired":true,"valueName":"search_term_string"}}],"inLanguage":"fr-FR"}]}},"_links":{"self":[{"href":"https:\/\/www.fruseassociati.it\/fr\/wp-json\/wp\/v2\/pages\/684","targetHints":{"allow":["GET"]}}],"collection":[{"href":"https:\/\/www.fruseassociati.it\/fr\/wp-json\/wp\/v2\/pages"}],"about":[{"href":"https:\/\/www.fruseassociati.it\/fr\/wp-json\/wp\/v2\/types\/page"}],"author":[{"embeddable":true,"href":"https:\/\/www.fruseassociati.it\/fr\/wp-json\/wp\/v2\/users\/5"}],"replies":[{"embeddable":true,"href":"https:\/\/www.fruseassociati.it\/fr\/wp-json\/wp\/v2\/comments?post=684"}],"version-history":[{"count":4,"href":"https:\/\/www.fruseassociati.it\/fr\/wp-json\/wp\/v2\/pages\/684\/revisions"}],"predecessor-version":[{"id":997,"href":"https:\/\/www.fruseassociati.it\/fr\/wp-json\/wp\/v2\/pages\/684\/revisions\/997"}],"up":[{"embeddable":true,"href":"https:\/\/www.fruseassociati.it\/fr\/wp-json\/wp\/v2\/pages\/694"}],"wp:attachment":[{"href":"https:\/\/www.fruseassociati.it\/fr\/wp-json\/wp\/v2\/media?parent=684"}],"curies":[{"name":"wp","href":"https:\/\/api.w.org\/{rel}","templated":true}]}}

Droit commercial, de la propriété intellectuelle et droit des contrats

<div data-elementor-type="wp-page" data-elementor-id="684" class="elementor elementor-684 elementor-308">
						<section class="elementor-section elementor-top-section elementor-element elementor-element-58346acf elementor-section-full_width elementor-section-height-min-height page-header attivita elementor-section-height-default elementor-section-items-middle" data-id="58346acf" data-element_type="section" data-e-type="section" data-settings="{&quot;background_background&quot;:&quot;classic&quot;}">
							<div class="elementor-background-overlay"></div>
							<div class="elementor-container elementor-column-gap-default">
					<div class="elementor-column elementor-col-100 elementor-top-column elementor-element elementor-element-7ee0dd4c" data-id="7ee0dd4c" data-element_type="column" data-e-type="column">
			<div class="elementor-widget-wrap elementor-element-populated">
						<section class="elementor-section elementor-inner-section elementor-element elementor-element-6fee412d attivita-title elementor-section-boxed elementor-section-height-default elementor-section-height-default" data-id="6fee412d" data-element_type="section" data-e-type="section">
						<div class="elementor-container elementor-column-gap-default">
					<div class="elementor-column elementor-col-100 elementor-inner-column elementor-element elementor-element-e9ac88c" data-id="e9ac88c" data-element_type="column" data-e-type="column">
			<div class="elementor-widget-wrap elementor-element-populated">
						<div class="elementor-element elementor-element-3061ddb6 elementor-invisible elementor-widget elementor-widget-heading" data-id="3061ddb6" data-element_type="widget" data-e-type="widget" data-settings="{&quot;_animation&quot;:&quot;fadeInLeft&quot;}" data-widget_type="heading.default">
				<div class="elementor-widget-container">
					<h1 class="elementor-heading-title elementor-size-default">Droit commercial, de la propriété intellectuelle et droit des contrats</h1>				</div>
				</div>
					</div>
		</div>
					</div>
		</section>
					</div>
		</div>
					</div>
		</section>
				<section class="elementor-section elementor-top-section elementor-element elementor-element-34b4d7d7 elementor-section-boxed elementor-section-height-default elementor-section-height-default" data-id="34b4d7d7" data-element_type="section" data-e-type="section">
						<div class="elementor-container elementor-column-gap-default">
					<div class="elementor-column elementor-col-100 elementor-top-column elementor-element elementor-element-62846a19" data-id="62846a19" data-element_type="column" data-e-type="column">
			<div class="elementor-widget-wrap elementor-element-populated">
						<section class="elementor-section elementor-inner-section elementor-element elementor-element-4fec19bd attivita-text elementor-section-boxed elementor-section-height-default elementor-section-height-default" data-id="4fec19bd" data-element_type="section" data-e-type="section">
						<div class="elementor-container elementor-column-gap-default">
					<div class="elementor-column elementor-col-100 elementor-inner-column elementor-element elementor-element-48c7ad87" data-id="48c7ad87" data-element_type="column" data-e-type="column">
			<div class="elementor-widget-wrap elementor-element-populated">
						<div class="elementor-element elementor-element-481b93a7 elementor-invisible elementor-widget elementor-widget-text-editor" data-id="481b93a7" data-element_type="widget" data-e-type="widget" data-settings="{&quot;_animation&quot;:&quot;fadeInLeft&quot;}" data-widget_type="text-editor.default">
				<div class="elementor-widget-container">
									<p class="text-align-justify">Le Cabinet assiste ses Clients dans la préparation, la rédaction et la négociation des différents contrats commerciaux, à la fois typiques et atypiques, y compris ceux relatifs à la distribution, la vente, l&rsquo;approvisionnement, aux agences, aux licences, aux bails, aux cessions et aux baux commerciaux. Ses professionnels interviennent à leurs côtés dans la constitution de sociétés, de coopératives ou de groupements d&rsquo;entreprises, dans la régulation des relations internes, entre membres ou entre les différents organes sociaux, et externes, dans la résolution des litiges extrajudiciaires, dans la conduite et la gestion des accords commerciaux, dans le domaine de la concurrence et de la propriété intellectuelle, dans la gestion des litiges relatifs au recouvrement des créances.</p>
								</div>
				</div>
					</div>
		</div>
					</div>
		</section>
					</div>
		</div>
					</div>
		</section>
				</div>

<p>Droit commercial, de la propriété intellectuelle et droit des contrats Le Cabinet assiste ses Clients dans la préparation, la rédaction et la négociation des différents contrats commerciaux, à la fois typiques et atypiques, y compris ceux relatifs à la distribution, la vente, l&rsquo;approvisionnement, aux agences, aux licences, aux bails, aux cessions et aux baux commerciaux. [&hellip;]</p>

<!-- This site is optimized with the Yoast SEO plugin v27.5 - https://yoast.com/product/yoast-seo-wordpress/ -->
<title>Droit commercial, de la propriété intellectuelle et droit des contrats - Studio Legale Frus</title>
<meta name="robots" content="index, follow, max-snippet:-1, max-image-preview:large, max-video-preview:-1" />
<link rel="canonical" href="https://www.fruseassociati.it/fr/activites/droit-commercial-de-la-propriete-intellectuelle-et-droit-des-contrats/" />
<meta property="og:locale" content="fr_FR" />
<meta property="og:type" content="article" />
<meta property="og:title" content="Droit commercial, de la propriété intellectuelle et droit des contrats - Studio Legale Frus" />
<meta property="og:description" content="Droit commercial, de la propriété intellectuelle et droit des contrats Le Cabinet assiste ses Clients dans la préparation, la rédaction et la négociation des différents contrats commerciaux, à la fois typiques et atypiques, y compris ceux relatifs à la distribution, la vente, l&rsquo;approvisionnement, aux agences, aux licences, aux bails, aux cessions et aux baux commerciaux. [&hellip;]" />
<meta property="og:url" content="https://www.fruseassociati.it/fr/activites/droit-commercial-de-la-propriete-intellectuelle-et-droit-des-contrats/" />
<meta property="og:site_name" content="Studio Legale Frus" />
<meta property="article:modified_time" content="2021-11-04T09:46:14+00:00" />
<meta name="twitter:card" content="summary_large_image" />
<meta name="twitter:label1" content="Durée de lecture estimée" />
	<meta name="twitter:data1" content="1 minute" />
<script type="application/ld+json" class="yoast-schema-graph">{"@context":"https:\/\/schema.org","@graph":[{"@type":"WebPage","@id":"https:\/\/www.fruseassociati.it\/fr\/activites\/droit-commercial-de-la-propriete-intellectuelle-et-droit-des-contrats\/","url":"https:\/\/www.fruseassociati.it\/fr\/activites\/droit-commercial-de-la-propriete-intellectuelle-et-droit-des-contrats\/","name":"Droit commercial, de la propriété intellectuelle et droit des contrats - Studio Legale Frus","isPartOf":{"@id":"https:\/\/www.fruseassociati.it\/fr\/#website"},"datePublished":"2021-11-02T10:54:02+00:00","dateModified":"2021-11-04T09:46:14+00:00","breadcrumb":{"@id":"https:\/\/www.fruseassociati.it\/fr\/activites\/droit-commercial-de-la-propriete-intellectuelle-et-droit-des-contrats\/#breadcrumb"},"inLanguage":"fr-FR","potentialAction":[{"@type":"ReadAction","target":["https:\/\/www.fruseassociati.it\/fr\/activites\/droit-commercial-de-la-propriete-intellectuelle-et-droit-des-contrats\/"]}]},{"@type":"BreadcrumbList","@id":"https:\/\/www.fruseassociati.it\/fr\/activites\/droit-commercial-de-la-propriete-intellectuelle-et-droit-des-contrats\/#breadcrumb","itemListElement":[{"@type":"ListItem","position":1,"name":"Home","item":"https:\/\/www.fruseassociati.it\/fr\/"},{"@type":"ListItem","position":2,"name":"Activités","item":"https:\/\/www.fruseassociati.it\/fr\/activites\/"},{"@type":"ListItem","position":3,"name":"Droit commercial, de la propriété intellectuelle et droit des contrats"}]},{"@type":"WebSite","@id":"https:\/\/www.fruseassociati.it\/fr\/#website","url":"https:\/\/www.fruseassociati.it\/fr\/","name":"Studio Legale Frus","description":"","potentialAction":[{"@type":"SearchAction","target":{"@type":"EntryPoint","urlTemplate":"https:\/\/www.fruseassociati.it\/fr\/?s={search_term_string}"},"query-input":{"@type":"PropertyValueSpecification","valueRequired":true,"valueName":"search_term_string"}}],"inLanguage":"fr-FR"}]}</script>
<!-- / Yoast SEO plugin. -->

Droit commercial, de la propriété intellectuelle et droit des contrats - Studio Legale Frus

Droit commercial, de la propriété intellectuelle et droit des contrats Le Cabinet assiste ses Clients dans la préparation, la rédaction et la négociation des différents contrats commerciaux, à la fois typiques et atypiques, y compris ceux relatifs à la distribution, la vente, l&rsquo;approvisionnement, aux agences, aux licences, aux bails, aux cessions et aux baux commerciaux. [&hellip;]

Activités
